 is divided by s.
49
Suppose 4*i - 18 = 3*h, 44 - 27 = 3*i - 4*h. Suppose 0 = 5*y - 20, -3*b + 23 + 34 = i*y. Calculate the remainder when 207 is divided by b.
12
Let z = -16841 - -20010. Calculate the remainder when z is divided by 264.
1
Let b = 5491 + -5269. What is the remainder when 246 is divided by b?
24
Let n = 212 + -145. Let z = 13645 + -13625. Calculate the remainder when n is divided by z.
7
Let q be (-10)/(-8) + 8/(-32). Suppose -q = -c, -3*t = -2*t + 5*c - 21. Let k = -624 + 687. Calculate the remainder when k is divided by t.
15
Let i(c) = c**2 + 6*c + 7. Let g be ((-3)/2)/(-5*(-6)/100). Let x(p) = -p**3 + p**2 + 2*p + 1. What is the remainder when i(g) is divided by x(2)?
0
Let x(k) = 214*k**2 - 5*k - 55*k**2 + 6*k. Let n be x(-1). Calculate the remainder when 77 is divided by 3/15 + n/10.
13
Let a = 148 - 144. Suppose 3*x - 155 = -4*r, -a*r + 2*x + 151 = x. What is the remainder when 146 is divided by r?
32
Let f(m) = 2*m**3 + 2*m**2 - 15*m - 26. Let b be f(-3). Let c(w) = w**2 + 17*w + 22. What is the remainder when 636 is divided by c(b)?
20
Suppose -3*v - 789 + 172 = -5*y, -2*v - 8 = 0. Suppose 11*i - 10*i = y. Suppose -5*a - 6 = -i. What is the remainder when 67 is divided by a?
21
Suppose 5*o - 943 = 4*q + 1149, o - 407 = -3*q. What is the remainder when o is divided by 42?
38
Let b = 5664 - 5620. What is the remainder when 735 is divided by b?
31
Suppose -4*d + 68 = -4*r, -2*d + 57*r + 40 = 56*r. What is the remainder when (-6)/(-45) - (-12279)/45 is divided by d?
20
Let p(o) = -o**2 + 45*o - 150. Calculate the remainder when 1341 is divided by p(6).
81
Let y(n) = n**3 - 15*n**2 - 14*n - 12. Let i be y(16). What is the remainder when 156 is divided by (-84)/i*360/(-27)?
44
Suppose 2*i - 770 = -4*b, -3*i + 4*b + 778 = -i. Calculate the remainder when i is divided by 26.
23
Suppose -g = 2*r - 187, 10*r = 5*r + 3*g + 462. Let i = r + 82. Calculate the remainder when i is divided by 16.
15
Let u(o) = -o**3 - 3*o**2 - 5*o - 4. Let y be u(-3). Suppose 6 = -y*z + 12*z. Let l(d) = d + 27. Calculate the remainder when l(z) is divided by 13.
7
Let j(u) = 58*u**2 + 78*u + 49. Calculate the remainder when 171/(-2)*(1 + -3) is divided by j(-1).
26
Suppose -201478 = -323*o + 61*o. Calculate the remainder when o is divided by 381.
7
Let o(x) = -5*x - 47. Let r = 93 - 104. Let c be o(r). Suppose 0 = -18*b + c*b + 100. Calculate the remainder when 57 is divided by b.
7
Let w(o) be the second derivative of -5*o**3/6 + 7*o**2/2 + 46*o. What is the remainder when 109 is divided by w(-3)?
21
Suppose 0 = -3*h + 3*g - 39, -9*h - 5*g = -4*h + 115. Suppose -89*s - 89*s = -215*s - 1036. What is the remainder when -1 + h/(-14) + (-412)/s is divided by 6?
3
Let z = -49 + 52. Suppose -q - 4*y = 1, 8 = z*q + 2*y - y. Calculate the remainder when 13 is divided by q.
1
Suppose -x = -3*o - 139, 13*o = 4*x + 11*o - 586. Suppose -4*p - 66 = 398. Let i = p + x. What is the remainder when 159 is divided by i?
31
Suppose -18*b + 57402 = 3222. Suppose 278 = 24*i - b. Calculate the remainder when i is divided by 23.
22
Let n(h) = h**2 + 6*h + 4. Let t be n(-6). Let j = -199 - -203. Let d = t + j. Calculate the remainder when 53 is divided by d.
5
Let c = 20215 + -20158. Let z = -10 + 14. Calculate the remainder when c is divided by -2 + z/2 - -15.
12
Suppose -66 = -6*t + 102. Suppose -t = -n + 16. Let q = 18 - 3. What is the remainder when n is divided by q?
14
Calculate the remainder when 285 is divided by (-783)/(-18) - 468/104.
12
Let y = -29805 + 29874. What is the remainder when y is divided by 54?
15
Suppose 5*t - 61 + 11 = 0. Let l = -177 - -324. Let u = -135 + l. Calculate the remainder when u is divided by t.
2
Let s = -7731 + 7743. Let u be (-1 - 0) + (0 - 23). Calculate the remainder when -3*(-1 + u + 2) is divided by s.
9
Let z be 18/7 + 8/(-14). Calculate the remainder when 133 + (z/1)/(32/16) is divided by 49.
36
Let g = -5690 + 10290. Suppose 0 = 27*t + 13*t - g. What is the remainder when t is divided by 42?
31
Let k = -463 - -466. Suppose 81 = k*p + 4*a - 102, -2*p + 122 = -a. What is the remainder when p is divided by 33?
28
Let s = 4881 + -4755. Calculate the remainder when s is divided by 30.
6
Let r(p) be the third derivative of p**5/60 - p**4/12 - p**3/3 - 4*p**2. Suppose 6*f - 425 = -119. Calculate the remainder when f is divided by r(-3).
12
What is the remainder when (-1)/(356/610 + 30/(-50)) is divided by (75/30)/((-2)/(-4)) - -3?
5
Suppose 664 = 37*y - 964. Suppose -19 = -4*t + 61. Suppose -p = -t - 154. What is the remainder when p is divided by y?
42
What is the remainder when (72377/461)/(2/8) is divided by 105?
103
Suppose 69 + 246 = 3*v. Suppose -3*i + 3*l = i - v, 5*i - 5*l = 125. Let a = 636422 - 636405. What is the remainder when i is divided by a?
13
Let q(i) = -6*i**2 + 6*i + 2. Let p be q(-3). Let b be 3 + -6 + 6 - p. Let n = 14 + b. Calculate the remainder when n is divided by 15.
12
Suppose 397 = 10*t - 913. Suppose 2*m - 5*a = t, 5*m - 328 + 16 = -3*a. Calculate the remainder when m is divided by 17.
12
Suppose -3*q = -h - 7, q - 11 = -h - 3*h. What is the remainder when 117 is divided by 26/39 - (1 - 178/q)?
58
Suppose g + 259 = 265. Calculate the remainder when 178 is divided by g.
4
Let i = -1572 + 2778. What is the remainder when i is divided by 240?
6
Let u = -170 - -172. Let o(r) = 16*r - 15. What is the remainder when 82 is divided by o(u)?
14
Suppose 5*g + 3 = 43. Calculate the remainder when g is divided by ((-4)/((-20)/(-25)))/2*12/(-5).
2
Let j = 31 - 27. Suppose 0 = j*o + 18 - 26. Let g(m) = -m**2 + 6*m + 4. Calculate the remainder when g(5) is divided by o.
1
Suppose -4*r + 1317 = 189. Let z(o) = 2*o**2 + 109*o + 111. What is the remainder when r is divided by z(-54)?
54
Suppose -2*o - 5*l + 100 = 0, 108 = 2*o + 2*l - l. What is the remainder when o is divided by 34?
21
What is the remainder when 388 is divided by 46 - (555/105 + 4/(-14))?
19
Suppose -3*p + 107 = n - 143, 3*p - 245 = -2*n. Let t be (-49)/35 + (-49)/(-35). Suppose t = 81*h - 754 - 1028. Calculate the remainder when p is divided by h.
19
Let d(g) = -18*g - 725. What is the remainder when 370 is divided by d(-42)?
29
Let p be ((-8)/(-3))/((-17)/561). Suppose -x + 31 = -2*s, 4*x - 24 - 100 = -s. What is the remainder when x is divided by ((-6)/(-12))/((-4)/p)?
9
Suppose -5*u - 5*y = -3765, 3747 = 9*u - 4*u - y. What is the remainder when u is divided by 16?
14
Suppose -3*u + 5*q = -25 - 222, 0 = 5*u - 4*q - 390. What is the remainder when 5843 is divided by u?
71
Suppose 15*m = -42*m - 71364. Let l = m - -2193. Calculate the remainder when l is divided by 41.
39
Suppose -75*n + 78*n = 234. What is the remainder when 16/20*(n - -2) is divided by 1*1/((-2)/(-68))?
30
Let y(o) be the first derivative of -6*o**2 - o - 65. Calculate the remainder when y(-6) is divided by 36.
35
Let n(f) = -14*f + 4. Let a = -415 - -415. Suppose 5*r - 157 = 3*h, r - 28 = -a*h + 4*h. What is the remainder when n(-4) is divided by r?
28
Suppose -6*r + 5*r = -14. Suppose 4*w - 6*w = -4*q + 538, q - 133 = -w. Calculate the remainder when q is divided by r.
8
Let q = -5228 - -5243. Calculate the remainder when 474 is divided by q.
9
Suppose 57*t = 53*t + 12. Let c(k) = 5*k - 11. Let g be c(t). Suppose -g*a = -33 - 27. What is the remainder when 73 is divided by a?
13
Let w be -670*6/(-12)*-1. Let a = 353 + w. What is the remainder when 29 is divided by a?
11
Let y = 481 - 309. Let k(b) = -b**2 - 10*b + 19. Suppose -17*s = j - 14*s + 14, 5*s = 3*j. Calculate the remainder when y is divided by k(j).
40
Let n(q) = -77*q**2 + 10936*q + 36. Calculate the remainder when 638 is divided by n(142).
318
Let n(p) = 514*p**2 + 440*p + 3. Calculate the remainder when n(-2) is divided by 168.
3
Let l = 179 + -148. Suppose 7*g - l = -4*y + 6*g, 3*y + 2*g - 17 = 0. What is the remainder when 89 is divided by y?
8
Suppose 465 + 3487 = 52*h. Calculate the remainder when 1822 is divided by h.
74
Suppose -3*z - 3*r = -0*z - 93, 2*z - 5*r - 69 = 0. Calculate the remainder when 9*52/(-5850) + 2252/25 is divided by z.
26
Let r = -704 - -1304. Suppose 27*x - 3*x = r. Calculate the remainder when 67 is divided by x.
17
Let u be (3/6)/(11/8338). Let t = 418 - u. Calculate the remainder when 1